 = -j**3 + 14*j**2 + 16*j - 13. Let t be a(15). Let b(x) = x**3 - 3*x**2 + 2*x + 1. What is b(t)?
1
Let d(u) be the second derivative of -u**5/20 - u**4/2 + u**3 - 4*u**2 + 7*u. Determine d(-7).
-1
Let g(z) = -z + 4. Let v(a) be the first derivative of a**2/2 + 5. Let i(j) = -g(j) - 2*v(j). Let q = -9 + 6. What is i(q)?
-1
Let o(j) = -j**2 + 9*j - 6. Let h be 0*(12/8)/(-3). Suppose h*y - 5*y + 30 = 0. Determine o(y).
12
Let n(x) = 2*x - 7. Let k(s) = s - 6. Let b(v) = -6*k(v) + 5*n(v). What is b(1)?
5
Let m(y) = 5*y**2 - y + 1. Let a(d) = -16*d**2 + 3*d - 3. Let v(u) = -2*a(u) - 7*m(u). Let w(q) = -q - 3. Let b be w(-4). What is v(b)?
-3
Let s = 94 - 104. Let m(n) = -n**2 - 11*n - 6. What is m(s)?
4
Let u(t) = -t**2 + t. Suppose -3*v = -26 - 55. Let l = v - 12. Suppose d = -4*d + l. Calculate u(d).
-6
Let x(r) = 5*r + 5*r**2 - 3*r**2 - 4*r**2 + 3*r**2 - 7. Suppose -5*d + 5*m - 3 - 22 = 0, -4*d = -3*m + 21. Give x(d).
-1
Let k(s) = -s. Let i(r) = -r - 2. Let y be i(-3). Let j = y - -4. What is k(j)?
-5
Let n = 3 + -2. Let m(w) = w - 4*w**2 + 3 + 11*w**2 - 4. What is m(n)?
7
Let y(o) = -o + 2. Let q(f) = f**3 + 8*f**2 + 8*f + 7. Let n be q(-7). Suppose 2*v - 3*h = -7*h, 5*v + 4*h - 12 = n. Give y(v).
-2
Let m(b) = -3*b + 2. Suppose 11 = k - 4. Suppose 0 = t - 4*d - 0 - k, 2*t = 3*d + 15. Give m(t).
-7
Let r be 3 + (0 - 21) + 0. Let y = -12 - r. Let z(j) = -j + 8. Let c(v) = 5*v - 40. Let b(q) = 2*c(q) + 11*z(q). Give b(y).
2
Suppose -56 + 14 = 6*w. Let j(p) = p**3 + 8*p**2 + 6*p - 8. What is j(w)?
-1
Suppose 5*w - 17 - 6 = 3*m, m - 15 = -4*w. Let n(t) = -4 - 2 + t + 2. Give n(w).
0
Let f(a) = a**3 - 3*a**2 + 4*a - 2. Let c be f(2). Let p(x) = 2*x**c - x**2 - 4*x - 1 + 0*x. Let d(i) = -i**2 - 8*i + 50. Let h be d(4). Determine p(h).
-5
Let v(o) be the third derivative of 3*o**4/8 + o**3/6 - o**2. Let m(d) = d**3 + 8*d**2 + 6*d + 2. Let w be m(-7). Let l = w - 10. Give v(l).
-8
Let g be (4 - 1) + 3 + -3. Let n be 1*(-1 - (1 - 4)). Let l(p) = p**n - p + g*p - 4 - p**2 + 2*p**2. What is l(-3)?
8
Let h(z) = -z - 1. Let p(r) be the third derivative of r**3 + 0*r + 1/6*r**4 + 0 + 1/60*r**5 + 2*r**2. Let x(b) = -3*h(b) - p(b). Give x(0).
-3
Let h(n) = 0*n**2 + 2*n + n**2 - n + 3 - 1. Let p be -2*((-1)/(-2) + 1). Determine h(p).
8
Let s(j) = -j - 5. Let b(f) = 3*f + 16. Let a(y) = 6*b(y) + 17*s(y). Calculate a(-5).
6
Suppose i + i = -10. Let x(s) = s**2 + 2*s - 7. What is x(i)?
8
Let u(t) be the first derivative of t**4/4 + 5*t**3/3 + t**2/2 - 4*t - 2. Let s = 17 - 21. Determine u(s).
8
Let w(l) be the third derivative of l**6/120 + l**4/24 + l**3/3 + 7*l**2. Determine w(-2).
-8
Let w(t) = 6*t**3 + 6*t**2 - 12*t + 5. Let z(m) = -m**3 - m**2 + 2*m - 1. Let c(y) = 2*w(y) + 11*z(y). Determine c(-3).
-13
Let d(v) = v**2 + 2*v. Let i = 19 + -6. Suppose 0 = -3*s - 2 - i. Let x = -6 - s. What is d(x)?
-1
Let n(k) be the first derivative of 0*k - 1/2*k**2 + 4. Determine n(2).
-2
Let c(h) = 0*h**3 - 3*h - 5 + 3*h**3 + 2*h - 2*h**3. Suppose 0 = 3*i - 4*i. Give c(i).
-5
Let v(z) = z**3 - 6*z**2 - 7*z - 4. Let u(n) = n**3 - 3*n**2 + 2*n - 2. Let c be u(3). Suppose 2*x - 10 = -2*d, 6*x - 2*d = c*x + 18. Determine v(x).
-4
Let n be (-76)/(-176) - 4/22. Let s(j) be the first derivative of -n*j**4 + 2 + j**2 - 5/3*j**3 + 4*j. What is s(-5)?
-6
Let y = 56 - 79. Let t = y + 20. Let v(j) = j**3 + 4*j**2 - j - 1. Give v(t).
11
Let s(f) = -f**2 + 6*f + 7. Let a(b) = 2*b + 4. Let o be a(1). Give s(o).
7
Let t(p) = -p + 2. Let o be t(-2). Suppose -5*q = -2*z - 4, 0*z = -3*q - 2*z - o. Let v(b) = 4 + 3*b + q*b - 5*b. Determine v(3).
-2
Let a = 31 - 37. Let u(o) = -8*o + 0*o**2 + 0 - 9 - o**2. Determine u(a).
3
Let j(w) = -w**3 - 4*w**2 - 2*w - 1. Let x(p) = p**2 + 9*p + 10. Let b be x(-7). What is j(b)?
7
Suppose 8 = s + 4*t, 0 = 4*s - 5*t + 7 + 24. Let h(i) = i**2 + 5*i. What is h(s)?
-4
Suppose 0 = -5*w - 4*x + 6*x + 56, -3*x = -2*w + 29. Let q = -7 + w. Let c(s) = 0*s - 1 + s**2 - s + q. Calculate c(-2).
8
Let t(d) = 4*d - 9. Let z(k) = -k. Let q(o) = t(o) + 5*z(o). Calculate q(0).
-9
Let a(x) = -x**2 - 4*x - 3. Let p be 2 - (-3 - -2 - 8). Let o = 7 - p. What is a(o)?
-3
Suppose -1 = -3*a + 5. Suppose -2*x + 2 = 4*b, 5*b = -3*x + 5 - a. Let m(u) be the first derivative of -u**2/2 - 1. What is m(b)?
0
Let g(o) be the third derivative of o**5/60 - o**4/12 - o**3/2 + 5*o**2. Let b(n) = -3*n**2 + 3*n + 5. Let w(y) = 2*b(y) + 5*g(y). Let d = -2 + -3. Give w(d).
-10
Suppose -6 + 15 = 3*o. Suppose -12 = o*s + 9. Let u(z) = z**3 + 6*z**2 - 6*z - 2. What is u(s)?
-9
Suppose -4*x - u + 1 = -5, -2*x - 2*u = 0. Suppose x*y - 9 = -3. Let p(z) = -2*z**2 + 2*z + z**y - 3 + z**2 + 2 - 4*z**2. Give p(4).
-9
Let c be -2*(-2)/(2*1). Let o = 1 - 3. Let y = o - c. Let w(g) = g**3 + 3*g**2 - 4*g - 2. Calculate w(y).
-2
Let c(k) = k**3 + 8*k**2 + 8*k - 1. Let r be (12/(-18))/(-1 + 69/63). Determine c(r).
-8
Let p(r) = 6 - 3*r - 3 + r**3 + 2*r - 4. Let d(h) = 2*h**3 - 4*h**2 - 6*h - 3. Let a(w) = d(w) - 3*p(w). Calculate a(-3).
0
Let z(r) = r**2 + 7*r + 1. Suppose 5*d - 19 = 2*d + x, 31 = 5*d - x. Let t = d - 11. What is z(t)?
-9
Let g(n) = 12*n**3 - n - 1. Let v = 31 + -32. Determine g(v).
-12
Let h(g) = g - 9. Let v be h(10). Suppose -3*y + 4 = v. Let w(s) = -4*s**2 + s - 1. What is w(y)?
-4
Let z(f) = -f**2 - 4*f + 4. Suppose -4*r - i = -17, 4*r + i - 18 = -i. Suppose 16 + 4 = -r*j. Let t(a) = -a**2 - 4*a. Let y be t(j). Give z(y).
-1
Let a = -4 - -5. Suppose -2*w - a = 9. Let p(j) = j**3 + 6*j**2 + 2*j - 4. What is p(w)?
11
Let l(z) = 2*z + 3. Let n = 28 - 24. Give l(n).
11
Let u = 30 + -21. Let f = 16 - u. Let x(o) = o - 2. Calculate x(f).
5
Let a(z) = z**3 + 3*z**2 - 3*z - 2. Suppose -4*r = -r - 24. Suppose 6*f = 2*f - r. What is a(f)?
8
Suppose 3*d = 19*d + 112. Let i(p) = p**2 + 7*p + 6. Give i(d).
6
Let h(i) be the second derivative of -i**3/2 + i**2/2 - 3*i - 6. What is h(5)?
-14
Let s = 44 + -46. Let h(j) = -j**2 - 6*j - 3. Calculate h(s).
5
Suppose 3*i - 8 = i. Let s = 0 + 4. Let o(l) = -s - 2*l - l**2 - 4 + i + 3*l**2. Calculate o(3).
8
Let p be ((-7)/(-14))/(1/(-2)). Let k(o) = 3*o. Let q be k(p). Let z(g) = -2 + g**3 - 2*g**2 + 4*g + 5*g**2 + 6. What is z(q)?
-8
Let w(m) = 2*m - m + 1 + 0 - 2. Let h = -3 + 5. Calculate w(h).
1
Let p(t) = t - 3. Let v be p(3). Suppose 5*k = 6 + 9. Let o(j) = -1 + j**2 + k*j + v - j. Determine o(-3).
2
Let z(b) = 2*b - 10. Let t = -2 - -7. Suppose t*x - 15 = 5*d, -x - 2*d - d = -19. Determine z(x).
4
Let z(i) = -6*i - 22. Let j(a) = -3*a - 12. Let o(c) = -7*j(c) + 4*z(c). Determine o(-4).
8
Let s(g) = 5*g**2 - 3*g + 11. Let x(k) = 2*k**2 - 2*k + 5. Let p(f) = -3*s(f) + 7*x(f). What is p(-5)?
2
Let z = -6 - -6. Suppose 11 = t - z. Let i(k) = -3*k - 2*k + k**2 + t*k. Give i(-3).
-9
Let l = -2 + 11. Suppose 0*r = r + 5*j + l, -r = 2*j. Let x(m) = -m + 7. Give x(r).
1
Let k(x) = -22*x + 18. Let s be k(1). Let g(z) = -z**2 - 5*z - 5. What is g(s)?
-1
Let v(t) = t**3 + 3*t**2 + 3*t + 26. Let c be v(-4). Let s(a) = -6*a**2. Give s(c).
-24
Let u(l) = -l + 4. Let y be u(0). Let w(a) = -y - 2 + 7 - 4 - a. What is w(-3)?
0
Let u(w) be the second derivative of w**4/12 + w**3 - 5*w**2/2 - 3*w + 5. Determine u(-7).
2
Let f(s) = -s**3 + 4*s**2 + 5*s - 2. Let x(o) = o**3 - 10*o**2 + 13*o - 31. Let t be x(9). Calculate f(t).
-2
Let r(o) = o**3 - o**2 - o + 1. Let k(g) = -3*g**3 + 12*g**2 - 6*g - 5. Let z(q) = k(q) + 2*r(q). Give z(9).
6
Let x be -4*(-2 - (-5)/4). Let w(s) = s**2 - 3*s + 1. Let r be w(x). Let f(y) = 4 - 2*y - 6 + 3*y. Give f(r).
-1
Let v(t) be the first derivative of 4 - t - 1/2*t**2. Determine v(-4).
3
Let c(t) = -t - 9. Let u be c(-10). Let s(n) = -n**2 - 13*n - 16. Let d be s(-11). Let k(j) = 4*j**2 - j**3 - 4*j**2 + d*j - 5*j. What is k(u)?
0
Let s(y) = -14*y**3 - 10*y**2 - 20*y + 21. Let v(d) = -5*d**3 - 3*d**2 - 7*d + 7. Let c(n) = -6*s(n) + 17*v(n). What is c(9)?
2
Let u(x) = 5*x**2 - 2*x - 4. Let q be ((-10)/4)/((-2)/(-4)). Let v be 4/(-10) - (-63)/q. Let l(g) = -11*g**2 + 4*g + 9. Let h(r) = v*u(r) - 6*l(r). Give h(2).
6
Let a(r) = -r**2 - 2. Let d(l) = 2*l**2 + 2. Let f(b) = 3*a(b) + 2*d(b). What is f(-3)?
7
Let x(a) = 2*a**2 + 22*a + 7. Let q be x(-11). Let h(k) = -k**3 + 7*k**2 - 4*k. Give h(q).
-28
Let w be (-1)/(-2)*(1 - -3). Let o(h)